{"id":821,"date":"2025-10-01T10:08:06","date_gmt":"2025-10-01T08:08:06","guid":{"rendered":"https:\/\/dev.hak-villach.at\/?page_id=821"},"modified":"2025-10-07T10:02:58","modified_gmt":"2025-10-07T08:02:58","slug":"uebungsfirma","status":"publish","type":"page","link":"https:\/\/www.hak-villach.at\/?page_id=821","title":{"rendered":"\u00dcbungsfirma"},"content":{"rendered":"\t\t<div data-elementor-type=\"wp-page\" data-elementor-id=\"821\" class=\"elementor elementor-821\" data-elementor-post-type=\"page\">\n\t\t\t\t<div class=\"elementor-element elementor-element-e43dd92 e-flex e-con-boxed e-con e-parent\" data-id=\"e43dd92\" data-element_type=\"container\" data-e-type=\"container\" data-settings=\"{&quot;background_background&quot;:&quot;classic&quot;}\">\n\t\t\t\t\t<div class=\"e-con-inner\">\n\t\t\t\t\t<\/div>\n\t\t\t\t<\/div>\n\t\t<div class=\"elementor-element elementor-element-082a97b e-flex e-con-boxed e-con e-parent\" data-id=\"082a97b\" data-element_type=\"container\" data-e-type=\"container\">\n\t\t\t\t\t<div class=\"e-con-inner\">\n\t\t\t\t<div class=\"elementor-element elementor-element-edd511e elementor-widget elementor-widget-heading\" data-id=\"edd511e\" data-element_type=\"widget\" data-e-type=\"widget\" data-widget_type=\"heading.default\">\n\t\t\t\t\t<h1 class=\"elementor-heading-title elementor-size-default\">\u00dcbungsfirma <\/h1>\t\t\t\t<\/div>\n\t\t\t\t\t<\/div>\n\t\t\t\t<\/div>\n\t\t<div class=\"elementor-element elementor-element-dae88d7 e-flex e-con-boxed e-con e-parent\" data-id=\"dae88d7\" data-element_type=\"container\" data-e-type=\"container\">\n\t\t\t\t\t<div class=\"e-con-inner\">\n\t\t<div class=\"elementor-element elementor-element-be47309 e-con-full e-flex e-con e-child\" data-id=\"be47309\" data-element_type=\"container\" data-e-type=\"container\">\n\t\t\t\t<div class=\"elementor-element elementor-element-56821f9 elementor-widget elementor-widget-heading\" data-id=\"56821f9\" data-element_type=\"widget\" data-e-type=\"widget\" data-widget_type=\"heading.default\">\n\t\t\t\t\t<h2 class=\"elementor-heading-title elementor-size-default\">Die Werkst\u00e4tte der kaufm\u00e4nnischen Ausbildung<\/h2>\t\t\t\t<\/div>\n\t\t\t\t<div class=\"elementor-element elementor-element-94c63d4 elementor-widget elementor-widget-text-editor\" data-id=\"94c63d4\" data-element_type=\"widget\" data-e-type=\"widget\" data-widget_type=\"text-editor.default\">\n\t\t\t\t\t\t\t\t\t<p>In der \u00dcbungsfirma tauchst Du voll in die spannende Welt der Wirtschaft ein und lernst, wie ein echtes Unternehmen zu f\u00fchren \u2013 praktisch, realit\u00e4tsnah und mit viel Teampower!<br \/>Die \u00dcbungsfirmen erm\u00f6glichen es unseren Sch\u00fcler:innen erlernte F\u00e4higkeiten und Skills in der betrieblichen Praxis einzusetzen. Einmal w\u00f6chentlich treffen sich die Mitarbeiter:innen unserer \u00dcbungsfirmen in ihren B\u00fcror\u00e4umlichkeiten und arbeiten vier Stunden am St\u00fcck wie in einem realen Betrieb. Die Sch\u00fcler:innen entwickeln Gesch\u00e4ftsideen, erarbeiten Marketingkonzepte und erstellen Finanzierungs\u2013 und Investitionspl\u00e4ne. Die Betreuung der firmeneigenen Homepage sowie die Administration des Firmen-Webshops geh\u00f6ren genauso zu den Aufgaben der Mitarbeiter:innen wie die monatliche Gehaltsabrechnung, die Fakturierung oder der Einkauf.<\/p>\t\t\t\t\t\t\t\t<\/div>\n\t\t\t\t<\/div>\n\t\t<div class=\"elementor-element elementor-element-dcef3d6 e-con-full e-flex e-con e-child\" data-id=\"dcef3d6\" data-element_type=\"container\" data-e-type=\"container\">\n\t\t\t\t<div class=\"elementor-element elementor-element-cb0b886 elementor-widget elementor-widget-heading\" data-id=\"cb0b886\" data-element_type=\"widget\" data-e-type=\"widget\" data-widget_type=\"heading.default\">\n\t\t\t\t\t<h2 class=\"elementor-heading-title elementor-size-default\">Unsere \u00dcbungsfirmen 2024\/25<\/h2>\t\t\t\t<\/div>\n\t\t\t\t<div class=\"elementor-element elementor-element-f1c1b6c elementor-widget elementor-widget-image\" data-id=\"f1c1b6c\" data-element_type=\"widget\" data-e-type=\"widget\" data-widget_type=\"image.default\">\n\t\t\t\t\t\t\t\t\t\t\t\t\t\t\t\t<a href=\"https:\/\/dev.hak-villach.at\/wp-content\/uploads\/2025\/10\/BHAK_BHAS-Villach-UeFA-Gruppe-2024_25-1.png\" data-elementor-open-lightbox=\"yes\" data-elementor-lightbox-title=\"BHAK_BHAS-Villach-UeFA-Gruppe-2024_25-1\" data-e-action-hash=\"#elementor-action%3Aaction%3Dlightbox%26settings%3DeyJpZCI6ODM2LCJ1cmwiOiJodHRwczpcL1wvd3d3Lmhhay12aWxsYWNoLmF0XC93cC1jb250ZW50XC91cGxvYWRzXC8yMDI1XC8xMFwvQkhBS19CSEFTLVZpbGxhY2gtVWVGQS1HcnVwcGUtMjAyNF8yNS0xLndlYnAifQ%3D%3D\">\n\t\t\t\t\t\t\t<img fetchpriority=\"high\" decoding=\"async\" width=\"1024\" height=\"738\" src=\"https:\/\/www.hak-villach.at\/wp-content\/uploads\/2025\/10\/BHAK_BHAS-Villach-UeFA-Gruppe-2024_25-1.webp\" class=\"attachment-full size-full wp-image-836\" alt=\"\" srcset=\"https:\/\/www.hak-villach.at\/wp-content\/uploads\/2025\/10\/BHAK_BHAS-Villach-UeFA-Gruppe-2024_25-1.webp 1024w, https:\/\/www.hak-villach.at\/wp-content\/uploads\/2025\/10\/BHAK_BHAS-Villach-UeFA-Gruppe-2024_25-1-300x216.webp 300w, https:\/\/www.hak-villach.at\/wp-content\/uploads\/2025\/10\/BHAK_BHAS-Villach-UeFA-Gruppe-2024_25-1-768x554.webp 768w\" sizes=\"(max-width: 1024px) 100vw, 1024px\" \/>\t\t\t\t\t\t\t\t<\/a>\n\t\t\t\t\t\t\t\t\t\t\t\t\t\t\t<\/div>\n\t\t\t\t<div class=\"elementor-element elementor-element-a2e3237 elementor-widget elementor-widget-image\" data-id=\"a2e3237\" data-element_type=\"widget\" data-e-type=\"widget\" data-widget_type=\"image.default\">\n\t\t\t\t\t\t\t\t\t\t\t\t\t\t\t\t<a href=\"https:\/\/dev.hak-villach.at\/wp-content\/uploads\/2025\/10\/BHAK_BHAS-Villach-UeFA-Gruppe-2024_25-2.jpg\" data-elementor-open-lightbox=\"yes\" data-elementor-lightbox-title=\"BHAK_BHAS-Villach-UeFA-Gruppe-2024_25-2\" data-e-action-hash=\"#elementor-action%3Aaction%3Dlightbox%26settings%3DeyJpZCI6ODM3LCJ1cmwiOiJodHRwczpcL1wvd3d3Lmhhay12aWxsYWNoLmF0XC93cC1jb250ZW50XC91cGxvYWRzXC8yMDI1XC8xMFwvQkhBS19CSEFTLVZpbGxhY2gtVWVGQS1HcnVwcGUtMjAyNF8yNS0yLndlYnAifQ%3D%3D\">\n\t\t\t\t\t\t\t<img decoding=\"async\" width=\"1620\" height=\"1080\" src=\"https:\/\/www.hak-villach.at\/wp-content\/uploads\/2025\/10\/BHAK_BHAS-Villach-UeFA-Gruppe-2024_25-2.webp\" class=\"attachment-full size-full wp-image-837\" alt=\"\" srcset=\"https:\/\/www.hak-villach.at\/wp-content\/uploads\/2025\/10\/BHAK_BHAS-Villach-UeFA-Gruppe-2024_25-2.webp 1620w, https:\/\/www.hak-villach.at\/wp-content\/uploads\/2025\/10\/BHAK_BHAS-Villach-UeFA-Gruppe-2024_25-2-300x200.webp 300w, https:\/\/www.hak-villach.at\/wp-content\/uploads\/2025\/10\/BHAK_BHAS-Villach-UeFA-Gruppe-2024_25-2-1024x683.webp 1024w, https:\/\/www.hak-villach.at\/wp-content\/uploads\/2025\/10\/BHAK_BHAS-Villach-UeFA-Gruppe-2024_25-2-768x512.webp 768w, https:\/\/www.hak-villach.at\/wp-content\/uploads\/2025\/10\/BHAK_BHAS-Villach-UeFA-Gruppe-2024_25-2-1536x1024.webp 1536w\" sizes=\"(max-width: 1620px) 100vw, 1620px\" \/>\t\t\t\t\t\t\t\t<\/a>\n\t\t\t\t\t\t\t\t\t\t\t\t\t\t\t<\/div>\n\t\t\t\t<div class=\"elementor-element elementor-element-335f7ff elementor-widget elementor-widget-image\" data-id=\"335f7ff\" data-element_type=\"widget\" data-e-type=\"widget\" data-widget_type=\"image.default\">\n\t\t\t\t\t\t\t\t\t\t\t\t\t\t\t\t<a href=\"https:\/\/dev.hak-villach.at\/wp-content\/uploads\/2025\/10\/BHAK_BHAS-Villach-UeFA-Gruppe-2024_25-3.jpg\" data-elementor-open-lightbox=\"yes\" data-elementor-lightbox-title=\"BHAK_BHAS-Villach-UeFA-Gruppe-2024_25-3\" data-e-action-hash=\"#elementor-action%3Aaction%3Dlightbox%26settings%3DeyJpZCI6ODM4LCJ1cmwiOiJodHRwczpcL1wvd3d3Lmhhay12aWxsYWNoLmF0XC93cC1jb250ZW50XC91cGxvYWRzXC8yMDI1XC8xMFwvQkhBS19CSEFTLVZpbGxhY2gtVWVGQS1HcnVwcGUtMjAyNF8yNS0zLndlYnAifQ%3D%3D\">\n\t\t\t\t\t\t\t<img decoding=\"async\" width=\"896\" height=\"665\" src=\"https:\/\/www.hak-villach.at\/wp-content\/uploads\/2025\/10\/BHAK_BHAS-Villach-UeFA-Gruppe-2024_25-3.webp\" class=\"attachment-full size-full wp-image-838\" alt=\"\" srcset=\"https:\/\/www.hak-villach.at\/wp-content\/uploads\/2025\/10\/BHAK_BHAS-Villach-UeFA-Gruppe-2024_25-3.webp 896w, https:\/\/www.hak-villach.at\/wp-content\/uploads\/2025\/10\/BHAK_BHAS-Villach-UeFA-Gruppe-2024_25-3-300x223.webp 300w, https:\/\/www.hak-villach.at\/wp-content\/uploads\/2025\/10\/BHAK_BHAS-Villach-UeFA-Gruppe-2024_25-3-768x570.webp 768w\" sizes=\"(max-width: 896px) 100vw, 896px\" \/>\t\t\t\t\t\t\t\t<\/a>\n\t\t\t\t\t\t\t\t\t\t\t\t\t\t\t<\/div>\n\t\t\t\t<\/div>\n\t\t\t\t\t<\/div>\n\t\t\t\t<\/div>\n\t\t<div class=\"elementor-element elementor-element-5638d99 e-flex e-con-boxed e-con e-parent\" data-id=\"5638d99\" data-element_type=\"container\" data-e-type=\"container\">\n\t\t\t\t\t<div class=\"e-con-inner\">\n\t\t\t\t<div class=\"elementor-element elementor-element-f60817b elementor-widget elementor-widget-heading\" data-id=\"f60817b\" data-element_type=\"widget\" data-e-type=\"widget\" data-widget_type=\"heading.default\">\n\t\t\t\t\t<h1 class=\"elementor-heading-title elementor-size-default\">Wie funktioniert eine \u00dcbungsfirma?<\/h1>\t\t\t\t<\/div>\n\t\t\t\t\t<\/div>\n\t\t\t\t<\/div>\n\t\t<div class=\"elementor-element elementor-element-5238723 e-flex e-con-boxed e-con e-parent\" data-id=\"5238723\" data-element_type=\"container\" data-e-type=\"container\">\n\t\t\t\t\t<div class=\"e-con-inner\">\n\t\t\t\t<div class=\"elementor-element elementor-element-af45496 elementor-widget elementor-widget-text-editor\" data-id=\"af45496\" data-element_type=\"widget\" data-e-type=\"widget\" data-widget_type=\"text-editor.default\">\n\t\t\t\t\t\t\t\t\t<section class=\"elementor-section elementor-top-section elementor-element elementor-element-b2a8b7e elementor-section-boxed elementor-section-height-default elementor-section-height-default\" data-id=\"b2a8b7e\" data-element_type=\"section\"><div class=\"elementor-container elementor-column-gap-default\"><div class=\"elementor-column elementor-col-100 elementor-top-column elementor-element elementor-element-b2ef6b9\" data-id=\"b2ef6b9\" data-element_type=\"column\"><div class=\"elementor-widget-wrap elementor-element-populated\"><div class=\"elementor-element elementor-element-9cf7319 elementor-widget elementor-widget-text-editor\" data-id=\"9cf7319\" data-element_type=\"widget\" data-widget_type=\"text-editor.default\"><div class=\"elementor-widget-container\"><p>Es gibt \u00fcber <strong>1.000 \u00dcbungsfirmen<\/strong>\u00a0in \u00d6sterreich, die miteinander Gesch\u00e4fte machen. Es handelt sich zwar um fiktive Produkte und imagin\u00e4res Geld. Die Prozesse gestalten sich jedoch wie in der Praxis. Durch eine zentrale Servicestelle (ACT) \u2013 angesiedelt in Wien \u2013 k\u00f6nnen Abl\u00e4ufe m\u00f6glichst real abgebildet werden. So gibt es z.B. ein\u00a0<strong>Finanzamt<\/strong>, eine\u00a0<strong>Krankenkasse<\/strong>, eine\u00a0<strong>Gewerbebeh\u00f6rde<\/strong>, ein\u00a0<strong>Bankinstitut<\/strong>\u00a0und ein\u00a0<strong>Firmenbuchgericht<\/strong>. Die \u00dcbungsfirmen m\u00fcssen daher Steuern abf\u00fchren, ihre Mitarbeiter:innen bei der Sozialversicherung anmelden und ihr Unternehmen ins Firmenbuch eintragen.<\/p><\/div><\/div><\/div><\/div><\/div><\/section><section class=\"elementor-section elementor-top-section elementor-element elementor-element-909d874 elementor-section-boxed elementor-section-height-default elementor-section-height-default\" data-id=\"909d874\" data-element_type=\"section\"><div class=\"elementor-container elementor-column-gap-default\"><div class=\"elementor-column elementor-col-100 elementor-top-column elementor-element elementor-element-66a00d0\" data-id=\"66a00d0\" data-element_type=\"column\"><div class=\"elementor-widget-wrap elementor-element-populated\"><div class=\"elementor-element elementor-element-1c0a7ef elementor-widget elementor-widget-text-editor\" data-id=\"1c0a7ef\" data-element_type=\"widget\" data-widget_type=\"text-editor.default\"><div class=\"elementor-widget-container\"><p>Das Besondere und gleichzeitig Einzigartige an der \u00dcbungsfirmen der HAK Villach ist, dass sie mit der europaweit f\u00fchrenden\u00a0<strong>ERP-Software SAP<\/strong>\u00a0arbeiten. Einkauf, Vertrieb und Finanzbuchhaltung werden in diesem System abgebildet (Modul MM, SD und FI). Unsere Sch\u00fcler:innen werden daf\u00fcr schon im 2. und 3. Jahrgang im Fach SAP geschult und legen eine SAP-Zertifizierungspr\u00fcfung ab.<\/p><p>Dar\u00fcber hinaus arbeiten unsere \u00dcbungsfirmen zu\u00a0<strong>100 % digital<\/strong>. Sie entsprechen somit dem Konzept des papierlosen B\u00fcros.<\/p><p>Vertieft wird der Praxisbezug durch Unternehmensbesichtigungen, die Zusammenarbeit mit Partnerfirmen, Fachvortr\u00e4ge und der Teilnahme an Wettbewerben.<\/p><p>Wie auch reale Unternehmen gepr\u00fcft durch externe Stellen die Qualit\u00e4t ihrer Prozesse unter Beweis stellen, so k\u00f6nnen sich auch die \u00dcbungsfirmen einer Zertifizierung unterziehen. Unter Einhaltung strenger Kriterien kann ein G\u00fctesiegel erlangt werden.<\/p><\/div><\/div><\/div><\/div><\/div><\/section>\t\t\t\t\t\t\t\t<\/div>\n\t\t\t\t\t<\/div>\n\t\t\t\t<\/div>\n\t\t<div class=\"elementor-element elementor-element-25708fe e-flex e-con-boxed e-con e-parent\" data-id=\"25708fe\" data-element_type=\"container\" data-e-type=\"container\">\n\t\t\t\t\t<div class=\"e-con-inner\">\n\t\t\t\t<div class=\"elementor-element elementor-element-a9d371d elementor-widget elementor-widget-heading\" data-id=\"a9d371d\" data-element_type=\"widget\" data-e-type=\"widget\" data-widget_type=\"heading.default\">\n\t\t\t\t\t<h1 class=\"elementor-heading-title elementor-size-default\">Von Gesch\u00e4ftsidee bis Webshop \u2013 alles, was unternehmerische Praxis ausmach<\/h1>\t\t\t\t<\/div>\n\t\t\t\t\t<\/div>\n\t\t\t\t<\/div>\n\t\t<div class=\"elementor-element elementor-element-e93d1ec e-flex e-con-boxed e-con e-parent\" data-id=\"e93d1ec\" data-element_type=\"container\" data-e-type=\"container\">\n\t\t\t\t\t<div class=\"e-con-inner\">\n\t\t<div class=\"elementor-element elementor-element-34cc07a e-con-full e-flex e-con e-child\" data-id=\"34cc07a\" data-element_type=\"container\" data-e-type=\"container\">\n\t\t<div class=\"elementor-element elementor-element-2ffac82 e-con-full e-flex e-con e-child\" data-id=\"2ffac82\" data-element_type=\"container\" data-e-type=\"container\">\n\t\t<div class=\"elementor-element elementor-element-3d2be44 e-con-full e-flex e-con e-child\" data-id=\"3d2be44\" data-element_type=\"container\" data-e-type=\"container\">\n\t\t<div class=\"elementor-element elementor-element-84ced52 e-con-full e-flex e-con e-child\" data-id=\"84ced52\" data-element_type=\"container\" data-e-type=\"container\">\n\t\t\t\t<div class=\"elementor-element elementor-element-79b20d8 elementor-widget elementor-widget-image\" data-id=\"79b20d8\" data-element_type=\"widget\" data-e-type=\"widget\" data-widget_type=\"image.default\">\n\t\t\t\t\t\t\t\t\t\t\t\t\t\t\t<img loading=\"lazy\" decoding=\"async\" width=\"512\" height=\"512\" src=\"https:\/\/www.hak-villach.at\/wp-content\/uploads\/2025\/10\/businessplan.webp\" class=\"attachment-large size-large wp-image-721\" alt=\"\" srcset=\"https:\/\/www.hak-villach.at\/wp-content\/uploads\/2025\/10\/businessplan.webp 512w, https:\/\/www.hak-villach.at\/wp-content\/uploads\/2025\/10\/businessplan-300x300.webp 300w, https:\/\/www.hak-villach.at\/wp-content\/uploads\/2025\/10\/businessplan-150x150.webp 150w\" sizes=\"(max-width: 512px) 100vw, 512px\" \/>\t\t\t\t\t\t\t\t\t\t\t\t\t\t\t<\/div>\n\t\t\t\t<\/div>\n\t\t<div class=\"elementor-element elementor-element-bcbb348 e-con-full e-flex e-con e-child\" data-id=\"bcbb348\" data-element_type=\"container\" data-e-type=\"container\">\n\t\t\t\t<div class=\"elementor-element elementor-element-1338a5a elementor-widget elementor-widget-heading\" data-id=\"1338a5a\" data-element_type=\"widget\" data-e-type=\"widget\" data-widget_type=\"heading.default\">\n\t\t\t\t\t<h3 class=\"elementor-heading-title elementor-size-default\">Praxisnahes Lernen<\/h3>\t\t\t\t<\/div>\n\t\t\t\t<div class=\"elementor-element elementor-element-9de5c46 elementor-widget elementor-widget-text-editor\" data-id=\"9de5c46\" data-element_type=\"widget\" data-e-type=\"widget\" data-widget_type=\"text-editor.default\">\n\t\t\t\t\t\t\t\t\t<p><span class=\"TextRun SCXW30615883 BCX8\" lang=\"DE-AT\" xml:lang=\"DE-AT\" data-contrast=\"auto\"><span class=\"NormalTextRun SCXW30615883 BCX8\">Du setzt Dein kaufm\u00e4nnisches Wissen in der \u00dcbungsfirma praktisch um und arbeitest wie in einem echten Unternehmen \u2013 von Marketing bis Buchhaltung.<\/span><\/span><span class=\"EOP SCXW30615883 BCX8\" data-ccp-props=\"{}\">\u00a0<\/span><\/p>\t\t\t\t\t\t\t\t<\/div>\n\t\t\t\t<\/div>\n\t\t\t\t<\/div>\n\t\t\t\t<\/div>\n\t\t<div class=\"elementor-element elementor-element-e5ec42d e-con-full e-flex e-con e-child\" data-id=\"e5ec42d\" data-element_type=\"container\" data-e-type=\"container\">\n\t\t<div class=\"elementor-element elementor-element-9f6df7c e-con-full e-flex e-con e-child\" data-id=\"9f6df7c\" data-element_type=\"container\" data-e-type=\"container\">\n\t\t<div class=\"elementor-element elementor-element-4466007 e-con-full e-flex e-con e-child\" data-id=\"4466007\" data-element_type=\"container\" data-e-type=\"container\">\n\t\t\t\t<div class=\"elementor-element elementor-element-9480d69 elementor-widget elementor-widget-image\" data-id=\"9480d69\" data-element_type=\"widget\" data-e-type=\"widget\" data-widget_type=\"image.default\">\n\t\t\t\t\t\t\t\t\t\t\t\t\t\t\t<img loading=\"lazy\" decoding=\"async\" width=\"728\" height=\"612\" src=\"https:\/\/www.hak-villach.at\/wp-content\/uploads\/2025\/10\/management.webp\" class=\"attachment-large size-large wp-image-671\" alt=\"\" srcset=\"https:\/\/www.hak-villach.at\/wp-content\/uploads\/2025\/10\/management.webp 728w, https:\/\/www.hak-villach.at\/wp-content\/uploads\/2025\/10\/management-300x252.webp 300w\" sizes=\"(max-width: 728px) 100vw, 728px\" \/>\t\t\t\t\t\t\t\t\t\t\t\t\t\t\t<\/div>\n\t\t\t\t<\/div>\n\t\t<div class=\"elementor-element elementor-element-2ac78df e-con-full e-flex e-con e-child\" data-id=\"2ac78df\" data-element_type=\"container\" data-e-type=\"container\">\n\t\t\t\t<div class=\"elementor-element elementor-element-f0c79a9 elementor-widget elementor-widget-heading\" data-id=\"f0c79a9\" data-element_type=\"widget\" data-e-type=\"widget\" data-widget_type=\"heading.default\">\n\t\t\t\t\t<h3 class=\"elementor-heading-title elementor-size-default\">Gesch\u00e4ftsideen entwickeln<\/h3>\t\t\t\t<\/div>\n\t\t\t\t<div class=\"elementor-element elementor-element-3f4431c elementor-widget elementor-widget-text-editor\" data-id=\"3f4431c\" data-element_type=\"widget\" data-e-type=\"widget\" data-widget_type=\"text-editor.default\">\n\t\t\t\t\t\t\t\t\t<p><span class=\"TextRun SCXW220774450 BCX8\" lang=\"DE-AT\" xml:lang=\"DE-AT\" data-contrast=\"auto\"><span class=\"NormalTextRun SCXW220774450 BCX8\">Du bringst Deine eigenen Ideen ein, erstellst Marketingpl\u00e4ne und Finanzierungsmodelle \u2013 alles realit\u00e4tsnah und praxisorientiert.<\/span><\/span><span class=\"EOP SCXW220774450 BCX8\" data-ccp-props=\"{}\">\u00a0<\/span><\/p>\t\t\t\t\t\t\t\t<\/div>\n\t\t\t\t<\/div>\n\t\t\t\t<\/div>\n\t\t\t\t<\/div>\n\t\t\t\t<\/div>\n\t\t\t\t\t<\/div>\n\t\t\t\t<\/div>\n\t\t<div class=\"elementor-element elementor-element-b976e04 e-flex e-con-boxed e-con e-parent\" data-id=\"b976e04\" data-element_type=\"container\" data-e-type=\"container\">\n\t\t\t\t\t<div class=\"e-con-inner\">\n\t\t<div class=\"elementor-element elementor-element-a84d553 e-con-full e-flex e-con e-child\" data-id=\"a84d553\" data-element_type=\"container\" data-e-type=\"container\">\n\t\t<div class=\"elementor-element elementor-element-d982039 e-con-full e-flex e-con e-child\" data-id=\"d982039\" data-element_type=\"container\" data-e-type=\"container\">\n\t\t<div class=\"elementor-element elementor-element-fc96651 e-con-full e-flex e-con e-child\" data-id=\"fc96651\" data-element_type=\"container\" data-e-type=\"container\">\n\t\t<div class=\"elementor-element elementor-element-2b43c21 e-con-full e-flex e-con e-child\" data-id=\"2b43c21\" data-element_type=\"container\" data-e-type=\"container\">\n\t\t\t\t<div class=\"elementor-element elementor-element-e58bf06 elementor-widget elementor-widget-image\" data-id=\"e58bf06\" data-element_type=\"widget\" data-e-type=\"widget\" data-widget_type=\"image.default\">\n\t\t\t\t\t\t\t\t\t\t\t\t\t\t\t<img loading=\"lazy\" decoding=\"async\" width=\"512\" height=\"512\" src=\"https:\/\/www.hak-villach.at\/wp-content\/uploads\/2025\/10\/2959741_internet_blobal_globe_icon.webp\" class=\"attachment-large size-large wp-image-583\" alt=\"\" srcset=\"https:\/\/www.hak-villach.at\/wp-content\/uploads\/2025\/10\/2959741_internet_blobal_globe_icon.webp 512w, https:\/\/www.hak-villach.at\/wp-content\/uploads\/2025\/10\/2959741_internet_blobal_globe_icon-300x300.webp 300w, https:\/\/www.hak-villach.at\/wp-content\/uploads\/2025\/10\/2959741_internet_blobal_globe_icon-150x150.webp 150w\" sizes=\"(max-width: 512px) 100vw, 512px\" \/>\t\t\t\t\t\t\t\t\t\t\t\t\t\t\t<\/div>\n\t\t\t\t<\/div>\n\t\t<div class=\"elementor-element elementor-element-a13268d e-con-full e-flex e-con e-child\" data-id=\"a13268d\" data-element_type=\"container\" data-e-type=\"container\">\n\t\t\t\t<div class=\"elementor-element elementor-element-e989855 elementor-widget elementor-widget-heading\" data-id=\"e989855\" data-element_type=\"widget\" data-e-type=\"widget\" data-widget_type=\"heading.default\">\n\t\t\t\t\t<h3 class=\"elementor-heading-title elementor-size-default\">Digitale Unternehmensf\u00fchrung<\/h3>\t\t\t\t<\/div>\n\t\t\t\t<div class=\"elementor-element elementor-element-99cd43a elementor-widget elementor-widget-text-editor\" data-id=\"99cd43a\" data-element_type=\"widget\" data-e-type=\"widget\" data-widget_type=\"text-editor.default\">\n\t\t\t\t\t\t\t\t\t<p><span class=\"TextRun SCXW18603926 BCX8\" lang=\"DE-AT\" xml:lang=\"DE-AT\" data-contrast=\"auto\"><span class=\"NormalTextRun SCXW18603926 BCX8\">Du betreust die Firmen-Homepage, managst den Webshop und lernst digitale Tools f\u00fcr den Unternehmensalltag kennen.<\/span><\/span><span class=\"EOP SCXW18603926 BCX8\" data-ccp-props=\"{}\">\u00a0<\/span><\/p>\t\t\t\t\t\t\t\t<\/div>\n\t\t\t\t<\/div>\n\t\t\t\t<\/div>\n\t\t\t\t<\/div>\n\t\t<div class=\"elementor-element elementor-element-4ea11c7 e-con-full e-flex e-con e-child\" data-id=\"4ea11c7\" data-element_type=\"container\" data-e-type=\"container\">\n\t\t<div class=\"elementor-element elementor-element-1fb5219 e-con-full e-flex e-con e-child\" data-id=\"1fb5219\" data-element_type=\"container\" data-e-type=\"container\">\n\t\t<div class=\"elementor-element elementor-element-7e34de5 e-con-full e-flex e-con e-child\" data-id=\"7e34de5\" data-element_type=\"container\" data-e-type=\"container\">\n\t\t\t\t<div class=\"elementor-element elementor-element-75758e2 elementor-widget elementor-widget-image\" data-id=\"75758e2\" data-element_type=\"widget\" data-e-type=\"widget\" data-widget_type=\"image.default\">\n\t\t\t\t\t\t\t\t\t\t\t\t\t\t\t<img loading=\"lazy\" decoding=\"async\" width=\"200\" height=\"200\" src=\"https:\/\/www.hak-villach.at\/wp-content\/uploads\/2025\/10\/sponsoring.webp\" class=\"attachment-large size-large wp-image-672\" alt=\"\" srcset=\"https:\/\/www.hak-villach.at\/wp-content\/uploads\/2025\/10\/sponsoring.webp 200w, https:\/\/www.hak-villach.at\/wp-content\/uploads\/2025\/10\/sponsoring-150x150.webp 150w\" sizes=\"(max-width: 200px) 100vw, 200px\" \/>\t\t\t\t\t\t\t\t\t\t\t\t\t\t\t<\/div>\n\t\t\t\t<\/div>\n\t\t<div class=\"elementor-element elementor-element-4475dc9 e-con-full e-flex e-con e-child\" data-id=\"4475dc9\" data-element_type=\"container\" data-e-type=\"container\">\n\t\t\t\t<div class=\"elementor-element elementor-element-0a27b07 elementor-widget elementor-widget-heading\" data-id=\"0a27b07\" data-element_type=\"widget\" data-e-type=\"widget\" data-widget_type=\"heading.default\">\n\t\t\t\t\t<h3 class=\"elementor-heading-title elementor-size-default\">Realistische Abl\u00e4ufe<\/h3>\t\t\t\t<\/div>\n\t\t\t\t<div class=\"elementor-element elementor-element-5bce7e2 elementor-widget elementor-widget-text-editor\" data-id=\"5bce7e2\" data-element_type=\"widget\" data-e-type=\"widget\" data-widget_type=\"text-editor.default\">\n\t\t\t\t\t\t\t\t\t<p><span class=\"TextRun SCXW126851768 BCX8\" lang=\"DE-AT\" xml:lang=\"DE-AT\" data-contrast=\"auto\"><span class=\"NormalTextRun SCXW126851768 BCX8\">Du erlebst echte betriebliche Prozesse, wie Steuerzahlungen, Sozialversicherung und Firmeneintrag \u2013 alles mit fiktiven Produkten und Geld, aber realer Praxis.<\/span><\/span><span class=\"EOP SCXW126851768 BCX8\" data-ccp-props=\"{}\">\u00a0<\/span><\/p>\t\t\t\t\t\t\t\t<\/div>\n\t\t\t\t<\/div>\n\t\t\t\t<\/div>\n\t\t\t\t<\/div>\n\t\t\t\t<\/div>\n\t\t\t\t\t<\/div>\n\t\t\t\t<\/div>\n\t\t<div class=\"elementor-element elementor-element-bb804f3 e-flex e-con-boxed e-con e-parent\" data-id=\"bb804f3\" data-element_type=\"container\" data-e-type=\"container\">\n\t\t\t\t\t<div class=\"e-con-inner\">\n\t\t\t\t<div class=\"elementor-element elementor-element-cdf5a81 elementor-widget elementor-widget-video\" data-id=\"cdf5a81\" data-element_type=\"widget\" data-e-type=\"widget\" data-settings=\"{&quot;youtube_url&quot;:&quot;https:\\\/\\\/youtu.be\\\/3dBd8zh82Ks&quot;,&quot;video_type&quot;:&quot;youtube&quot;,&quot;controls&quot;:&quot;yes&quot;}\" data-widget_type=\"video.default\">\n\t\t\t\t\t\t\t<div class=\"elementor-wrapper elementor-open-inline\">\n\t\t\t<div class=\"elementor-video\"><\/div>\t\t<\/div>\n\t\t\t\t\t\t<\/div>\n\t\t\t\t\t<\/div>\n\t\t\t\t<\/div>\n\t\t\t\t<\/div>\n\t\t","protected":false},"excerpt":{"rendered":"<p>\u00dcbungsfirma Die Werkst\u00e4tte der kaufm\u00e4nnischen Ausbildung In der \u00dcbungsfirma tauchst Du voll in die spannende Welt der Wirtschaft ein und lernst, wie ein echtes Unternehmen zu f\u00fchren \u2013 praktisch, realit\u00e4tsnah [&hellip;]<\/p>\n","protected":false},"author":9,"featured_media":0,"parent":0,"menu_order":0,"comment_status":"closed","ping_status":"closed","template":"elementor_header_footer","meta":{"footnotes":""},"class_list":["post-821","page","type-page","status-publish","hentry"],"blocksy_meta":[],"_links":{"self":[{"href":"https:\/\/www.hak-villach.at\/index.php?rest_route=\/wp\/v2\/pages\/821","targetHints":{"allow":["GET"]}}],"collection":[{"href":"https:\/\/www.hak-villach.at\/index.php?rest_route=\/wp\/v2\/pages"}],"about":[{"href":"https:\/\/www.hak-villach.at\/index.php?rest_route=\/wp\/v2\/types\/page"}],"author":[{"embeddable":true,"href":"https:\/\/www.hak-villach.at\/index.php?rest_route=\/wp\/v2\/users\/9"}],"replies":[{"embeddable":true,"href":"https:\/\/www.hak-villach.at\/index.php?rest_route=%2Fwp%2Fv2%2Fcomments&post=821"}],"version-history":[{"count":70,"href":"https:\/\/www.hak-villach.at\/index.php?rest_route=\/wp\/v2\/pages\/821\/revisions"}],"predecessor-version":[{"id":2776,"href":"https:\/\/www.hak-villach.at\/index.php?rest_route=\/wp\/v2\/pages\/821\/revisions\/2776"}],"wp:attachment":[{"href":"https:\/\/www.hak-villach.at\/index.php?rest_route=%2Fwp%2Fv2%2Fmedia&parent=821"}],"curies":[{"name":"wp","href":"https:\/\/api.w.org\/{rel}","templated":true}]}}